e of 9?
True
Does 46 divide 7406?
True
Is 15 a factor of 5941?
False
Is 4 a factor of 685?
False
Is 48 a factor of 5138?
False
Does 52 divide 1092?
True
Is 2860 a multiple of 130?
True
Is 10 a factor of 1720?
True
Is 5019 a multiple of 239?
True
Does 5 divide 1425?
True
Does 128 divide 18781?
False
Is 23 a factor of 2908?
False
Is 120 a factor of 9343?
False
Is 372 a multiple of 62?
True
Is 2 a factor of 19?
False
Is 7995 a multiple of 92?
False
Does 15 divide 3975?
True
Is 576 a multiple of 32?
True
Is 4 a factor of 25088?
True
Is 3236 a multiple of 6?
False
Is 2579 a multiple of 39?
False
Is 1824 a multiple of 12?
True
Is 19 a factor of 27079?
False
Does 20 divide 3898?
False
Does 22 divide 62538?
False
Does 34 divide 612?
True
Is 359 a factor of 42362?
True
Is 9 a factor of 566?
False
Is 5 a factor of 1294?
False
Is 11594 a multiple of 6?
False
Is 553 a multiple of 7?
True
Is 8211 a multiple of 17?
True
Is 44 a factor of 1144?
True
Is 18421 a multiple of 42?
False
Is 1697 a multiple of 10?
False
Is 2 a factor of 516?
True
Is 38 a factor of 1459?
False
Is 113488 a multiple of 8?
True
Is 11 a factor of 4443?
False
Is 16 a factor of 208?
True
Does 79 divide 2828?
False
Does 19 divide 2584?
True
Does 7 divide 56?
True
Is 5680 a multiple of 13?
False
Is 152 a factor of 3936?
False
Is 4 a factor of 7184?
True
Does 40 divide 19520?
True
Is 21 a factor of 126?
True
Is 4872 a multiple of 8?
True
Does 45 divide 495?
True
Is 6 a factor of 1997?
False
Is 4 a factor of 1973?
False
Does 34 divide 2482?
True
Is 6 a factor of 215?
False
Is 6348 a multiple of 69?
True
Is 42 a factor of 3612?
True
Is 21 a factor of 2772?
True
Is 5 a factor of 1724?
False
Does 8 divide 55160?
True
Is 39 a factor of 12719?
False
Is 672 a multiple of 14?
True
Is 2 a factor of 1594?
True
Is 29 a factor of 4060?
True
Is 109 a factor of 24089?
True
Is 3666 a multiple of 13?
True
Is 13149 a multiple of 3?
True
Does 14 divide 1226?
False
Is 82 a factor of 8773?
False
Is 22 a factor of 4488?
True
Is 3392 a multiple of 4?
True
Is 41 a factor of 6232?
True
Is 219 a factor of 7539?
False
Does 23 divide 9853?
False
Is 899 a multiple of 27?
False
Does 10 divide 1354?
False
Does 33 divide 4158?
True
Is 192 a factor of 61253?
False
Is 82 a multiple of 9?
False
Is 2 a factor of 261?
False
Is 14 a factor of 14308?
True
Is 50 a factor of 3434?
False
Does 21 divide 44810?
False
Is 222 a multiple of 6?
True
Is 4256 a multiple of 4?
True
Is 13744 a multiple of 37?
False
Is 47 a factor of 33777?
False
Does 34 divide 992?
False
Does 103 divide 18025?
True
Is 8 a factor of 259?
False
Is 863 a multiple of 44?
False
Is 5 a factor of 225?
True
Is 69 a multiple of 3?
True
Does 13 divide 1716?
True
Is 275 a multiple of 11?
True
Does 51 divide 2754?
True
Is 649 a multiple of 3?
False
Does 3 divide 552?
True
Is 22 a factor of 21252?
True
Is 1179 a multiple of 131?
True
Is 12832 a multiple of 32?
True
Is 10 a factor of 2280?
True
Is 1695 a multiple of 15?
True
Does 43 divide 7746?
False
Is 126 a multiple of 7?
True
Is 3 a factor of 971?
False
Is 35672 a multiple of 98?
True
Is 1993 a multiple of 22?
False
Is 16668 a multiple of 12?
True
Is 22 a factor of 198?
True
Is 15495 a multiple of 98?
False
Is 13752 a multiple of 24?
True
Is 6 a factor of 14880?
True
Is 2262 a multiple of 113?
False
Does 19 divide 3142?
False
Is 69 a factor of 2277?
True
Does 11 divide 18337?
True
Is 18 a factor of 1026?
True
Is 44 a factor of 528?
True
Does 16 divide 1166?
False
Is 31670 a multiple of 60?
False
Is 131 a factor of 655?
True
Does 87 divide 53766?
True
Is 1448 a multiple of 86?
False
Is 2300 a multiple of 50?
True
Is 4940 a multiple of 5?
True
Does 55 divide 42570?
True
Is 32 a factor of 608?
True
Is 2702 a multiple of 8?
False
Is 2 a factor of 186?
True
Is 93441 a multiple of 34?
False
Is 3 a factor of 239?
False
Is 433 a multiple of 52?
False
Is 27 a factor of 108543?
False
Does 15 divide 19898?
False
Does 109 divide 11772?
True
Does 74 divide 20498?
True
Is 840 a multiple of 28?
True
Does 140 divide 25693?
False
Does 13 divide 88?
False
Does 128 divide 6480?
False
Is 38704 a multiple of 16?
True
Does 15 divide 870?
True
Is 46 a factor of 4186?
True
Is 102 a factor of 11981?
False
Does 144 divide 32018?
False
Is 15 a factor of 370?
False
Is 1848 a multiple of 56?
True
Does 11 divide 23991?
True
Is 265 a multiple of 4?
False
Is 671 a multiple of 11?
True
Is 29 a factor of 2602?
False
Is 34 a factor of 30328?
True
Is 14990 a multiple of 35?
False
Is 51 a factor of 816?
True
Is 30 a factor of 755?
False
Is 159 a factor of 4452?
True
Is 2025 a multiple of 63?
False
Does 23 divide 6233?
True
Does 63 divide 310?
False
Is 99 a factor of 22275?
True
Does 16 divide 15009?
False
Is 127 a factor of 1905?
True
Does 43 divide 941?
False
Is 676 a multiple of 9?
False
Is 647 a multiple of 53?
False
Does 210 divide 29820?
True
Does 15 divide 8115?
True
Is 712 a multiple of 23?
False
Is 33 a factor of 66?
True
Is 20 a factor of 36425?
False
Does 2 divide 1364?
True
Does 81 divide 1458?
True
Is 2880 a multiple of 30?
True
Does 45 divide 45?
True
Is 140 a factor of 7700?
True
Is 14 a factor of 777?
False
Is 22 a factor of 9592?
True
Is 1953 a multiple of 30?
False
Does 31 divide 377?
False
Is 2240 a multiple of 10?
True
Is 69 a factor of 12489?
True
Does 3 divide 22308?
True
Is 7 a factor of 413?
True
Does 17 divide 5100?
True
Is 47 a factor of 3055?
True
Is 70 a factor of 12893?
False
Is 1377 a multiple of 19?
False
Is 73 a factor of 13432?
True
Is 3 a factor of 6558?
True
Is 36 a factor of 1726?
False
Is 6215 a multiple of 11?
True
Does 14 divide 4164?
False
Is 1488 a multiple of 16?
True
Does 33 divide 693?
True
Is 46290 a multiple of 91?
False
Is 462 a multiple of 3?
True
Is 341 a multiple of 31?
True
Is 715 a multiple of 11?
True
Is 16 a factor of 752?
True
Does 6 divide 484?
False
Is 39 a factor of 26910?
True
Is 34 a factor of 21726?
True
Does 4 divide 1072?
True
Does 37 divide 3724?
False
Is 378 a multiple of 27?
True
Is 76 a factor of 84?
False
Is 140 a multiple of 35?
True
Is 42 a factor of 998?
False
Does 250 divide 20710?
False
Is 5 a factor of 3713?
False
Is 2512 a multiple of 157?
True
Is 12 a factor of 6900?
True
Is 42 a factor of 13146?
True
Does 12 divide 444?
True
Is 19 a factor of 5502?
False
Does 34 divide 2380?
True
Is 44 a factor of 5016?
True
Is 14 a factor of 107?
False
Is 14 a factor of 165620?
True
Does 50 divide 2100?
True
Does 2 divide 1120?
True
Is 5 a factor of 910?
True
Is 3116 a multiple of 38?
True
Does 17 divide 5215?
False
Is 25 a factor of 500?
True
Is 140 a factor of 4480?
True
Is 442 a multiple of 9?
False
Does 25 divide 7850?
True
Is 283 a factor of 1981?
True
Is 374 a multiple of 34?
True
Does 17 divide 1275?
True
Is 465 a multiple of 3?
True
Does 105 divide 105?
True
Is 27 a factor of 135?
True
Is 126 a multiple of 5?
False
Is 5 a multiple of 3?
False
Is 23 a factor of 12506?
False
Is 43 a factor of 1631?
False
Is 554 a multiple of 14?
False
Does 13 divide 6812?
True
Does 22 divide 4602?
False
Is 238 a multiple of 20?
False
Is 70 a factor of 80710?
True
Is 4 a factor of 5549?
False
Does 29 divide 8832?
False
Does 16 divide 16320?
True
Is 48 a factor of 2304?
True
Is 13333 a multiple of 67?
True
Is 8 a factor of 4001?
False
Does 29 divide 1326?
False
Does 132 divide 79659?
False
Is 660 a multiple of 20?
True
Does 58 divide 191?
False
Is 462 a multiple of 21?
True
Is 14 a factor of 9366?
True
Does 27 divide 3105?
True
Is 320 a multiple of 3?
False
Is 648 a multiple of 54?
True
Is 30 a factor of 46570?
False
Does 10 divide 440?
True
Is 2506 a multiple of 26?
False
Is 9 a factor of 531?
True
Is 11460 a multiple of 12?
True
Is 13536 a multiple of 36?
True
Is 223 a multiple of 3?
False
Is 1302 a multiple of 7?
True
Is 11596 a multiple of 26?
True
Is 4 a factor of 5167?
False
Does 21 divide 1176?
True
Is 156 a multiple of 72?
False
Is 8 a factor of 5632?
True
Does 133 divide 70906?
False
Does 11 divide 30869?
False
Is 1463 a multiple of 19?
True
Is 52 a factor of 884?
True
Does 7 divide 399?
True
Is 13 a factor of 949?
True
Is 4 a factor of 46541?
False
Is 4902 a multiple of 19?
True
Does 19 divide 13359?
False
Does 6 divide 8649?
False
Is 962 a multiple of 37?
True
Is 4736 a multiple of 16?
True
I